{"id":3435,"date":"2026-04-23T15:09:58","date_gmt":"2026-04-23T12:09:58","guid":{"rendered":"https:\/\/beakcoffeeroastery.com\/?post_type=product&#038;p=3435"},"modified":"2026-04-23T15:19:16","modified_gmt":"2026-04-23T12:19:16","slug":"colombia-orange-tabi-cekirdek-kahve-250-gr","status":"publish","type":"product","link":"https:\/\/beakcoffeeroastery.com\/index.php\/product\/colombia-orange-tabi-cekirdek-kahve-250-gr\/","title":{"rendered":"Colombia Orange Tabi \u00c7ekirdek Kahve 250 GR"},"content":{"rendered":"<p>Huila b\u00f6lgesinde 2000 metre rak\u0131mda yeti\u015fen Orange Tabi varyetesi bu \u00f6zel kahve,<br \/>\nWashed (Y\u0131kanm\u0131\u015f) Process y\u00f6ntemiyle i\u015flenerek fincanda temiz, parlak ve rafine bir karakter sunar.<br \/>\n87 cupping puan\u0131na sahip bu nitelikli kahve; ilk yudumda tropik meyve notalar\u0131yla canl\u0131 bir a\u00e7\u0131l\u0131\u015f yapar.<br \/>\nDevam\u0131nda tatl\u0131 kurabiye ve erik aromalar\u0131yla dengeli bir derinlik kazan\u0131r.<br \/>\nParlak ve canl\u0131 asiditesi, p\u00fcr\u00fczs\u00fcz g\u00f6vdesiyle birle\u015ferek keyifli, temiz ve uzun bir biti\u015f sunar.<br \/>\nMeyvemsi ama net profilleri sevenler i\u00e7in g\u00fc\u00e7l\u00fc bir filtre kahve tercihi.<\/p>\n<p>Tat Profili: Tropik Meyve \u2022 Tatl\u0131 Kurabiye \u2022 Erik<br \/>\n\u0130\u015flem: Washed (Y\u0131kanm\u0131\u015f)<br \/>\nVaryete: Orange Tabi<br \/>\nB\u00f6lge: Huila<br \/>\nRak\u0131m: 2000 m<br \/>\nCupping Skoru: 87<br \/>\nDemleme \u00d6nerisi: Espresso, Filtre Kahve ve t\u00fcm manuel demleme y\u00f6ntemleri (V60, Chemex, Moka Pot, French Press) i\u00e7in uygundur.<\/p>\n<p>\u2615 Bir Fincanla Ba\u015flayan Hik\u00e2ye<\/p>\n<p>Bu kahve, sadece bir \u00e7ekirdek de\u011fil; y\u00fcksek rak\u0131mlarda ba\u015flayan bir yolculu\u011fun titizlikle s\u00fcrd\u00fcr\u00fclen bir eme\u011fin ve her g\u00fcn tazelenen bir tutkunun sonucudur.<br \/>\n\u00c7ekirdeklerimiz stoklanamaz, her g\u00fcn taze taze kavrulur.<br \/>\n\u00c7\u00fcnk\u00fc ger\u00e7ek kahve aromas\u0131n\u0131n kavrumdan sonra ge\u00e7en zamanla de\u011fil do\u011fru anda fincana ula\u015fmakla anlam kazand\u0131\u011f\u0131n\u0131 biliyoruz.<br \/>\nBu bir seri \u00fcretim de\u011fil; \u00f6zenle kavrulan \u00f6zenle paketlenen ve tazeli\u011fiyle fark yaratan bir kahvedir.<br \/>\nE\u011fer sen de kahveni ger\u00e7ekten taze i\u00e7mek, her fincanda eme\u011fi ve kaliteyi hissetmek istiyorsan bu hikaye tam sana g\u00f6re.<\/p>\n","protected":false},"excerpt":{"rendered":"<p>Tat Profili: Tropik Meyve \u2022 Tatl\u0131 Kurabiye \u2022 Erik<br \/>\n\u0130\u015flem: Washed (Y\u0131kanm\u0131\u015f)<br \/>\nVaryete: Orange Tabi<br \/>\nB\u00f6lge: Huila<br \/>\nRak\u0131m: 2000 m<br \/>\nCupping Skoru: 87<br \/>\nDemleme \u00d6nerisi: Espresso, Filtre Kahve ve t\u00fcm manuel demleme y\u00f6ntemleri (V60, Chemex, Moka Pot, French Press) i\u00e7in uygundur.<\/p>\n","protected":false},"featured_media":3437,"comment_status":"open","ping_status":"closed","template":"","meta":[],"product_brand":[36],"product_cat":[11],"product_tag":[50,48,40,49,54,16,39,43,42,47,41],"class_list":{"0":"post-3435","1":"product","2":"type-product","3":"status-publish","4":"has-post-thumbnail","6":"product_brand-beak","7":"product_cat-arabica-roasted","8":"product_tag-aeropress","9":"product_tag-beak-coffee","10":"product_tag-cekirdek-kahve","11":"product_tag-chemex","12":"product_tag-colombia","13":"product_tag-espresso","14":"product_tag-filtre-kahve","15":"product_tag-french-press","16":"product_tag-moka-pot","17":"product_tag-single-origin","18":"product_tag-v60","20":"first","21":"instock","22":"shipping-taxable","23":"purchasable","24":"product-type-variable"},"_links":{"self":[{"href":"https:\/\/beakcoffeeroastery.com\/index.php\/wp-json\/wp\/v2\/product\/3435","targetHints":{"allow":["GET"]}}],"collection":[{"href":"https:\/\/beakcoffeeroastery.com\/index.php\/wp-json\/wp\/v2\/product"}],"about":[{"href":"https:\/\/beakcoffeeroastery.com\/index.php\/wp-json\/wp\/v2\/types\/product"}],"replies":[{"embeddable":true,"href":"https:\/\/beakcoffeeroastery.com\/index.php\/wp-json\/wp\/v2\/comments?post=3435"}],"wp:featuredmedia":[{"embeddable":true,"href":"https:\/\/beakcoffeeroastery.com\/index.php\/wp-json\/wp\/v2\/media\/3437"}],"wp:attachment":[{"href":"https:\/\/beakcoffeeroastery.com\/index.php\/wp-json\/wp\/v2\/media?parent=3435"}],"wp:term":[{"taxonomy":"product_brand","embeddable":true,"href":"https:\/\/beakcoffeeroastery.com\/index.php\/wp-json\/wp\/v2\/product_brand?post=3435"},{"taxonomy":"product_cat","embeddable":true,"href":"https:\/\/beakcoffeeroastery.com\/index.php\/wp-json\/wp\/v2\/product_cat?post=3435"},{"taxonomy":"product_tag","embeddable":true,"href":"https:\/\/beakcoffeeroastery.com\/index.php\/wp-json\/wp\/v2\/product_tag?post=3435"}],"curies":[{"name":"wp","href":"https:\/\/api.w.org\/{rel}","templated":true}]}}