{"id":2,"date":"2022-12-11T11:29:33","date_gmt":"2022-12-11T11:29:33","guid":{"rendered":"https:\/\/demo.bravisthemes.com\/stradale\/?page_id=2"},"modified":"2025-10-02T11:17:59","modified_gmt":"2025-10-02T08:17:59","slug":"iade","status":"publish","type":"page","link":"https:\/\/beakcoffeeroastery.com\/index.php\/iade\/","title":{"rendered":"\u00dcr\u00fcn \u0130ade ve De\u011fi\u015fim S\u00fcreci"},"content":{"rendered":"\t\t<div data-elementor-type=\"wp-page\" data-elementor-id=\"2\" class=\"elementor elementor-2\" data-elementor-post-type=\"page\">\n\t\t\t\t<div class=\"elementor-element elementor-element-d620593 e-flex e-con-boxed e-con e-parent\" data-id=\"d620593\" data-element_type=\"container\">\n\t\t\t\t\t<div class=\"e-con-inner\">\n\t\t\t\t<div class=\"elementor-element elementor-element-2877c3b elementor-widget elementor-widget-text-editor\" data-id=\"2877c3b\" data-element_type=\"widget\" data-widget_type=\"text-editor.default\">\n\t\t\t\t\t\t\t\t\t<p data-start=\"269\" data-end=\"469\"><strong data-start=\"269\" data-end=\"279\">GENEL:<\/strong><br data-start=\"279\" data-end=\"282\" \/>Kullanmakta oldu\u011funuz web sitesi \u00fczerinden elektronik ortamda sipari\u015f verdi\u011finiz takdirde, size sunulan \u00f6n bilgilendirme formunu ve mesafeli sat\u0131\u015f s\u00f6zle\u015fmesini kabul etmi\u015f say\u0131l\u0131rs\u0131n\u0131z.<\/p><p data-start=\"471\" data-end=\"698\">Al\u0131c\u0131lar, sat\u0131n ald\u0131klar\u0131 \u00fcr\u00fcn\u00fcn sat\u0131\u015f ve teslimi ile ilgili olarak 6502 say\u0131l\u0131 T\u00fcketicinin Korunmas\u0131 Hakk\u0131nda Kanun ve Mesafeli S\u00f6zle\u015fmeler Y\u00f6netmeli\u011fi (RG:27.11.2014\/29188) h\u00fck\u00fcmleri ile y\u00fcr\u00fcrl\u00fckteki di\u011fer yasalara tabidir.<\/p><p data-start=\"700\" data-end=\"777\">\u00dcr\u00fcn sevkiyat masraf\u0131 olan kargo \u00fccretleri al\u0131c\u0131lar taraf\u0131ndan \u00f6denecektir.<\/p><p data-start=\"779\" data-end=\"993\">Sat\u0131n al\u0131nan her bir \u00fcr\u00fcn, 30 g\u00fcnl\u00fck yasal s\u00fcreyi a\u015fmamak kayd\u0131 ile al\u0131c\u0131n\u0131n g\u00f6sterdi\u011fi adresteki ki\u015fi ve\/veya kurulu\u015fa teslim edilir. Bu s\u00fcre i\u00e7inde \u00fcr\u00fcn teslim edilmez ise, Al\u0131c\u0131lar s\u00f6zle\u015fmeyi sona erdirebilir.<\/p><p data-start=\"995\" data-end=\"1153\">Sat\u0131n al\u0131nan \u00fcr\u00fcn, eksiksiz ve sipari\u015fte belirtilen niteliklere uygun ve varsa garanti belgesi, kullan\u0131m k\u0131lavuzu gibi belgelerle teslim edilmek zorundad\u0131r.<\/p><p data-start=\"1155\" data-end=\"1377\">Sat\u0131n al\u0131nan \u00fcr\u00fcn\u00fcn sat\u0131lmas\u0131n\u0131n imkans\u0131zla\u015fmas\u0131 durumunda, sat\u0131c\u0131 bu durumu \u00f6\u011frendi\u011finden itibaren 3 g\u00fcn i\u00e7inde yaz\u0131l\u0131 olarak al\u0131c\u0131ya bildirmek zorundad\u0131r. 14 g\u00fcn i\u00e7inde de toplam bedel Al\u0131c\u0131\u2019ya iade edilmek zorundad\u0131r.<\/p><hr data-start=\"1379\" data-end=\"1382\" \/><p data-start=\"1384\" data-end=\"1554\"><strong data-start=\"1384\" data-end=\"1425\">SATIN ALINAN \u00dcR\u00dcN BEDEL\u0130 \u00d6DENMEZ \u0130SE:<\/strong><br data-start=\"1425\" data-end=\"1428\" \/>Al\u0131c\u0131, sat\u0131n ald\u0131\u011f\u0131 \u00fcr\u00fcn bedelini \u00f6demez veya banka kay\u0131tlar\u0131nda iptal ederse, Sat\u0131c\u0131n\u0131n \u00fcr\u00fcn\u00fc teslim y\u00fck\u00fcml\u00fcl\u00fc\u011f\u00fc sona erer.<\/p><hr data-start=\"1556\" data-end=\"1559\" \/><p data-start=\"1561\" data-end=\"1981\"><strong data-start=\"1561\" data-end=\"1624\">KRED\u0130 KARTININ YETK\u0130S\u0130Z KULLANIMI \u0130LE YAPILAN ALI\u015eVER\u0130\u015eLER:<\/strong><br data-start=\"1624\" data-end=\"1627\" \/>\u00dcr\u00fcn teslim edildikten sonra, al\u0131c\u0131n\u0131n \u00f6deme yapt\u0131\u011f\u0131 kredi kart\u0131n\u0131n yetkisiz ki\u015filer taraf\u0131ndan haks\u0131z olarak kullan\u0131ld\u0131\u011f\u0131 tespit edilirse ve sat\u0131lan \u00fcr\u00fcn bedeli ilgili banka veya finans kurulu\u015fu taraf\u0131ndan Sat\u0131c\u0131\u2019ya \u00f6denmez ise, Al\u0131c\u0131, s\u00f6zle\u015fme konusu \u00fcr\u00fcn\u00fc 3 g\u00fcn i\u00e7erisinde nakliye gideri SATICI\u2019ya ait olacak \u015fekilde SATICI\u2019ya iade etmek zorundad\u0131r.<\/p><hr data-start=\"1983\" data-end=\"1986\" \/><p data-start=\"1988\" data-end=\"2308\"><strong data-start=\"1988\" data-end=\"2052\">\u00d6NG\u00d6R\u00dcLEMEYEN SEBEPLERLE \u00dcR\u00dcN S\u00dcRES\u0130NDE TESL\u0130M ED\u0130LEMEZ \u0130SE:<\/strong><br data-start=\"2052\" data-end=\"2055\" \/>Sat\u0131c\u0131\u2019n\u0131n \u00f6ng\u00f6remeyece\u011fi m\u00fccbir sebepler olu\u015fursa ve \u00fcr\u00fcn s\u00fcresinde teslim edilemez ise, durum Al\u0131c\u0131\u2019ya bildirilir. Al\u0131c\u0131, sipari\u015fin iptalini, \u00fcr\u00fcn\u00fcn benzeri ile de\u011fi\u015ftirilmesini veya engel ortadan kalkana dek teslimat\u0131n ertelenmesini talep edebilir.<\/p><p data-start=\"2310\" data-end=\"2643\">Al\u0131c\u0131 sipari\u015fi iptal ederse; \u00f6demeyi nakit ile yapm\u0131\u015f ise iptalinden itibaren 14 g\u00fcn i\u00e7inde kendisine nakden bu \u00fccret \u00f6denir. Al\u0131c\u0131, \u00f6demeyi kredi kart\u0131 ile yapm\u0131\u015f ise ve iptal ederse, bu iptalden itibaren yine 14 g\u00fcn i\u00e7inde \u00fcr\u00fcn bedeli bankaya iade edilir, ancak bankan\u0131n al\u0131c\u0131n\u0131n hesab\u0131na 2-3 hafta i\u00e7erisinde aktarmas\u0131 olas\u0131d\u0131r.<\/p><hr data-start=\"2645\" data-end=\"2648\" \/><p data-start=\"2650\" data-end=\"2946\"><strong data-start=\"2650\" data-end=\"2694\">ALICININ \u00dcR\u00dcN\u00dc KONTROL ETME Y\u00dcK\u00dcML\u00dcL\u00dc\u011e\u00dc:<\/strong><br data-start=\"2694\" data-end=\"2697\" \/>Al\u0131c\u0131, s\u00f6zle\u015fme konusu mal\/hizmeti teslim almadan \u00f6nce muayene edecek; ezik, k\u0131r\u0131k, ambalaj\u0131 y\u0131rt\u0131lm\u0131\u015f vb. hasarl\u0131 ve ay\u0131pl\u0131 mal\/hizmeti kargo \u015firketinden teslim almayacakt\u0131r. Teslim al\u0131nan mal\/hizmetin hasars\u0131z ve sa\u011flam oldu\u011fu kabul edilecektir.<\/p><p data-start=\"2948\" data-end=\"3050\">Cayma hakk\u0131 kullan\u0131lacaksa mal\/hizmet kullan\u0131lmamal\u0131d\u0131r. \u00dcr\u00fcnle birlikte fatura da iade edilmelidir.<\/p><hr data-start=\"3052\" data-end=\"3055\" \/><p data-start=\"3057\" data-end=\"3416\"><strong data-start=\"3057\" data-end=\"3073\">CAYMA HAKKI:<\/strong><br data-start=\"3073\" data-end=\"3076\" \/>Al\u0131c\u0131; sat\u0131n ald\u0131\u011f\u0131 \u00fcr\u00fcn\u00fcn kendisine veya g\u00f6sterdi\u011fi adresteki ki\u015fi\/kurulu\u015fa teslim tarihinden itibaren 14 (on d\u00f6rt) g\u00fcn i\u00e7erisinde, Sat\u0131c\u0131\u2019ya a\u015fa\u011f\u0131daki ileti\u015fim bilgileri \u00fczerinden bildirmek \u015fart\u0131yla hi\u00e7bir hukuki ve cezai sorumluluk \u00fcstlenmeksizin ve hi\u00e7bir gerek\u00e7e g\u00f6stermeksizin mal\u0131 reddederek s\u00f6zle\u015fmeden cayma hakk\u0131n\u0131 kullanabilir.<\/p><hr data-start=\"3418\" data-end=\"3421\" \/><p data-start=\"3423\" data-end=\"3700\"><strong data-start=\"3423\" data-end=\"3488\">SATICININ CAYMA HAKKI B\u0130LD\u0130R\u0130M\u0130 YAPILACAK \u0130LET\u0130\u015e\u0130M B\u0130LG\u0130LER\u0130:<\/strong><br data-start=\"3488\" data-end=\"3491\" \/><strong data-start=\"3491\" data-end=\"3509\">\u015eirket Unvan\u0131:<\/strong> Beak Coffee Roastery<br data-start=\"3530\" data-end=\"3533\" \/><strong data-start=\"3533\" data-end=\"3543\">Adres:<\/strong> Bah\u00e7elievler Mah. \u015eevketda\u011f Sk. No:1 Beak Plaza \u2013 \u0130stanbul<br data-start=\"3602\" data-end=\"3605\" \/><strong data-start=\"3605\" data-end=\"3617\">E-posta:<\/strong> <a class=\"decorated-link cursor-pointer\" rel=\"noopener\" data-start=\"3618\" data-end=\"3637\">info@beakcoffee.com<\/a><br data-start=\"3637\" data-end=\"3640\" \/><strong data-start=\"3640\" data-end=\"3648\">Tel:<\/strong> 0 850 440 01 11<br data-start=\"3664\" data-end=\"3667\" \/><strong data-start=\"3667\" data-end=\"3675\">Web:<\/strong> beakcoffeeroastery.com<\/p><hr data-start=\"3702\" data-end=\"3705\" \/><p data-start=\"3707\" data-end=\"3981\"><strong data-start=\"3707\" data-end=\"3733\">CAYMA HAKKININ S\u00dcRES\u0130:<\/strong><br data-start=\"3733\" data-end=\"3736\" \/>Al\u0131c\u0131, sat\u0131n ald\u0131\u011f\u0131 e\u011fer bir hizmet ise, bu 14 g\u00fcnl\u00fck s\u00fcre s\u00f6zle\u015fmenin imzaland\u0131\u011f\u0131 tarihten itibaren ba\u015flar. Cayma hakk\u0131 s\u00fcresi sona ermeden \u00f6nce, t\u00fcketicinin onay\u0131 ile hizmetin ifas\u0131na ba\u015flanan hizmet s\u00f6zle\u015fmelerinde cayma hakk\u0131 kullan\u0131lamaz.<\/p><p data-start=\"3983\" data-end=\"4053\">Cayma hakk\u0131n\u0131n kullan\u0131m\u0131ndan kaynaklanan masraflar Sat\u0131c\u0131\u2019ya aittir.<\/p><hr data-start=\"4055\" data-end=\"4058\" \/><p data-start=\"4060\" data-end=\"4240\"><strong data-start=\"4060\" data-end=\"4089\">CAYMA HAKKININ KULLANIMI:<\/strong><br data-start=\"4089\" data-end=\"4092\" \/>\u00dcr\u00fcn\u00fcn faturas\u0131, iade formu, kutusu, ambalaj\u0131, varsa standart aksesuarlar\u0131 ile birlikte eksiksiz ve hasars\u0131z olarak teslim edilmesi gerekmektedir.<\/p><p data-start=\"4242\" data-end=\"4355\">Kurumsal faturaya sahip sipari\u015f iadelerinde, kurumun d\u00fczenlemi\u015f oldu\u011fu iade faturas\u0131 olmadan iade tamamlanamaz.<\/p><hr data-start=\"4357\" data-end=\"4360\" \/><p data-start=\"4362\" data-end=\"4537\"><strong data-start=\"4362\" data-end=\"4381\">\u0130ADE KO\u015eULLARI:<\/strong><br data-start=\"4381\" data-end=\"4384\" \/>Sat\u0131c\u0131, cayma bildiriminin kendisine ula\u015fmas\u0131ndan itibaren en ge\u00e7 10 g\u00fcn i\u00e7inde toplam bedeli iade etmek ve 20 g\u00fcn i\u00e7inde mal\u0131 geri almakla y\u00fck\u00fcml\u00fcd\u00fcr.<\/p><p data-start=\"4539\" data-end=\"4676\">Al\u0131c\u0131\u2019n\u0131n kusurundan kaynaklanan bir nedenle mal\u0131n de\u011ferinde bir azalma olursa, Al\u0131c\u0131 kusuru oran\u0131nda zarar\u0131 tazmin etmekle y\u00fck\u00fcml\u00fcd\u00fcr.<\/p><hr data-start=\"4678\" data-end=\"4681\" \/><p data-start=\"4683\" data-end=\"5009\"><strong data-start=\"4683\" data-end=\"4724\">CAYMA HAKKI KULLANILAMAYACAK \u00dcR\u00dcNLER:<\/strong><br data-start=\"4724\" data-end=\"4727\" \/>Ki\u015fisel ihtiya\u00e7lara \u00f6zel haz\u0131rlanan, hijyen kurallar\u0131 nedeniyle iadesi uygun olmayan, \u00e7abuk bozulabilen veya son kullanma tarihi ge\u00e7en \u00fcr\u00fcnler, ambalaj\u0131 a\u00e7\u0131lm\u0131\u015f g\u0131da ve i\u00e7ecek \u00fcr\u00fcnleri, dijital i\u00e7erikler ve yaz\u0131l\u0131mlar, kopyalanabilir medya \u00fcr\u00fcnleri cayma hakk\u0131 kapsam\u0131 d\u0131\u015f\u0131ndad\u0131r.<\/p><hr data-start=\"5011\" data-end=\"5014\" \/><p data-start=\"5016\" data-end=\"5301\"><strong data-start=\"5016\" data-end=\"5054\">TEMERR\u00dcT HAL\u0130 VE HUKUK\u0130 SONU\u00c7LARI:<\/strong><br data-start=\"5054\" data-end=\"5057\" \/>Al\u0131c\u0131, kredi kart\u0131 \u00f6demelerinde temerr\u00fcde d\u00fc\u015ferse, ilgili banka ile aras\u0131ndaki kredi kart\u0131 s\u00f6zle\u015fmesi \u00e7er\u00e7evesinde faiz \u00f6deyece\u011fini ve bankaya kar\u015f\u0131 sorumlu olaca\u011f\u0131n\u0131 kabul eder. Bu durumda Sat\u0131c\u0131, u\u011frad\u0131\u011f\u0131 zarar ve masraflar\u0131 talep edebilir.<\/p><hr data-start=\"5303\" data-end=\"5306\" \/><p data-start=\"5308\" data-end=\"5549\"><strong data-start=\"5308\" data-end=\"5330\">\u00d6DEME VE TESL\u0130MAT:<\/strong><br data-start=\"5330\" data-end=\"5333\" \/>Sitemiz \u00fczerinden t\u00fcm kredi kartlar\u0131n\u0131z ile online tek \u00f6deme veya taksitli \u00f6deme se\u00e7eneklerinden yararlanabilirsiniz. Online \u00f6demelerinizde sipari\u015finiz sonunda kredi kart\u0131n\u0131zdan tutar \u00e7ekim i\u015flemi ger\u00e7ekle\u015fecektir.<\/p>\t\t\t\t\t\t\t\t<\/div>\n\t\t\t\t\t<\/div>\n\t\t\t\t<\/div>\n\t\t\t\t<\/div>\n\t\t","protected":false},"excerpt":{"rendered":"<p>GENEL:Kullanmakta oldu\u011funuz web sitesi \u00fczerinden elektronik ortamda sipari\u015f verdi\u011finiz takdirde, size sunulan \u00f6n bilgilendirme formunu ve mesafeli sat\u0131\u015f s\u00f6zle\u015fmesini kabul etmi\u015f say\u0131l\u0131rs\u0131n\u0131z. Al\u0131c\u0131lar, sat\u0131n ald\u0131klar\u0131 \u00fcr\u00fcn\u00fcn sat\u0131\u015f ve teslimi ile ilgili olarak 6502 say\u0131l\u0131 T\u00fcketicinin Korunmas\u0131 Hakk\u0131nda Kanun ve Mesafeli S\u00f6zle\u015fmeler Y\u00f6netmeli\u011fi (RG:27.11.2014\/29188) h\u00fck\u00fcmleri ile y\u00fcr\u00fcrl\u00fckteki di\u011fer yasalara tabidir. \u00dcr\u00fcn sevkiyat masraf\u0131 olan kargo \u00fccretleri [&hellip;]<\/p>\n","protected":false},"author":1,"featured_media":0,"parent":0,"menu_order":0,"comment_status":"closed","ping_status":"closed","template":"","meta":{"footnotes":""},"class_list":["post-2","page","type-page","status-publish","hentry"],"_links":{"self":[{"href":"https:\/\/beakcoffeeroastery.com\/index.php\/wp-json\/wp\/v2\/pages\/2","targetHints":{"allow":["GET"]}}],"collection":[{"href":"https:\/\/beakcoffeeroastery.com\/index.php\/wp-json\/wp\/v2\/pages"}],"about":[{"href":"https:\/\/beakcoffeeroastery.com\/index.php\/wp-json\/wp\/v2\/types\/page"}],"author":[{"embeddable":true,"href":"https:\/\/beakcoffeeroastery.com\/index.php\/wp-json\/wp\/v2\/users\/1"}],"replies":[{"embeddable":true,"href":"https:\/\/beakcoffeeroastery.com\/index.php\/wp-json\/wp\/v2\/comments?post=2"}],"version-history":[{"count":12,"href":"https:\/\/beakcoffeeroastery.com\/index.php\/wp-json\/wp\/v2\/pages\/2\/revisions"}],"predecessor-version":[{"id":3035,"href":"https:\/\/beakcoffeeroastery.com\/index.php\/wp-json\/wp\/v2\/pages\/2\/revisions\/3035"}],"wp:attachment":[{"href":"https:\/\/beakcoffeeroastery.com\/index.php\/wp-json\/wp\/v2\/media?parent=2"}],"curies":[{"name":"wp","href":"https:\/\/api.w.org\/{rel}","templated":true}]}}